{"id":7897,"date":"2025-05-23T01:00:50","date_gmt":"2025-05-22T23:00:50","guid":{"rendered":"https:\/\/medhp.ro\/?post_type=product&#038;p=7897"},"modified":"2025-05-23T01:00:50","modified_gmt":"2025-05-22T23:00:50","slug":"biomicroscop-mediworks-s360-s360s","status":"publish","type":"product","link":"https:\/\/medhp.ro\/?product=biomicroscop-mediworks-s360-s360s","title":{"rendered":"Biomicroscop MediWorks S360-S360S"},"content":{"rendered":"<p><strong>Tip optic<\/strong>: Galilean<br \/>\n<strong>Modificare magnificatie<\/strong>: Drum revolver cu 5 trepte (S360) \/ 3 trepte (S360S)<br \/>\n<strong>Magnificatie totala:<\/strong> S360: 6X, 10X, 16X, 25X, 40X; S360S: 10X, 16X, 25X<br \/>\n<strong>Rezolutie optica:<\/strong> 2700 N lp\/mm (200 lp\/mm)<br \/>\n<strong>Oculare<\/strong>: 12.5X<br \/>\n<strong>Unghi intre oculare:<\/strong> 10\u00b0<br \/>\n<strong>Ajustare pupilara:<\/strong> 52 mm ~ 80 mm<br \/>\n<strong>Ajustare dioptrica<\/strong>: -8D ~ +8D<br \/>\n<strong>Camp vizual:<\/strong> S360: \u00d836.2 mm (6X), \u00d822.3 mm (10X), \u00d814 mm (16X), \u00d88.9 mm (25X), \u00d85.7 mm (40X); S360S: \u00d822.3 mm (10X), \u00d814 mm (16X), \u00d88.9 mm (25X)<\/p>\n<p><strong>Iluminare cu fanta<br \/>\n<\/strong>Latime fanta: 0 ~ 14 mm continuu (devine cerc la 14 mm)<br \/>\nLungime fanta: 1 ~ 14 mm continuu<br \/>\nDiametre apertura: \u00d814 mm, \u00d810 mm, \u00d85 mm, \u00d83 mm, \u00d82 mm, \u00d81 mm, \u00d80.2 mm<br \/>\nUnghi fanta: 0\u00b0 ~ 180\u00b0<br \/>\nInclinatie fanta: 5\u00b0, 10\u00b0, 15\u00b0, 20\u00b0<br \/>\nFiltre: Filtru absorbant de caldura, filtru ND, filtru fara rosu, filtru cobalt albastru, filtru galben integrat<br \/>\nLampa: LED 3V\/3W<br \/>\nLuminanta: \u2265 150.000 lux<\/p>\n<p>&nbsp;<\/p>\n<p>&nbsp;<\/p>\n<p><strong>Alimentare<br \/>\n<\/strong>Tensiune de intrare: 220V\/110V \u00b110%<br \/>\nFrecventa de intrare: 50 Hz \/ 60 Hz<br \/>\nConsum de putere: 30 VA (maxim)<br \/>\nTensiune de iesire:<br \/>\nLampa: 6V<br \/>\nFixare: 3V<\/p>\n<p><strong>Dimensiuni si greutate<br \/>\n<\/strong>Dimensiuni (L x l x h): 770 mm x 470 mm x 570 mm<br \/>\nGreutate neta: 17 kg<br \/>\nGreutate bruta: 23 kg<\/p>\n","protected":false},"excerpt":{"rendered":"<p>Microscopul cu lampa cu fanta MediWorks S360\/S360S este un echipament oftalmologic de inalta performanta, destinat examinarii detaliate a segmentului anterior ocular. Acesta utilizeaza un sistem optic de tip Galilean, oferind o rezolutie optica de pana la 2700 N lp\/mm, ceea ce permite vizualizarea clara a diferitelor patologii oculare. Iluminarea cu LED asigura o intensitate mare a luminii si o temperatura de culoare scazuta, similara cu cea a lampilor halogen, reducand oboseala ochilor in timpul examinarii. De asemenea, sistemul include filtre integrate, precum cel galben si cobalt albastru, pentru a imbunatati contrastul in imagistica cu fluoresceina sodica.<br \/>\nDesignul ergonomic si panoul de control compact, cu sursa de alimentare integrata, faciliteaza instalarea si utilizarea echipamentului, economisind spa\u021biu si timp. Pentru a extinde functionalitatile, S360\/S360S poate fi actualizat la un microscop cu lampa cu fanta digitala prin kitul Firefly Digital Module Kit, care include camera digitala, splitter de fascicul, software MediView si modul de iluminare de fundal.<\/p>\n","protected":false},"featured_media":7898,"template":"","meta":[],"product_brand":[188],"product_cat":[201],"product_tag":[],"class_list":{"0":"post-7897","1":"product","2":"type-product","3":"status-publish","4":"has-post-thumbnail","6":"product_brand-mediworks","7":"product_cat-oftalmologie","10":"instock","11":"shipping-taxable","12":"product-type-simple"},"_links":{"self":[{"href":"https:\/\/medhp.ro\/index.php?rest_route=\/wp\/v2\/product\/7897","targetHints":{"allow":["GET"]}}],"collection":[{"href":"https:\/\/medhp.ro\/index.php?rest_route=\/wp\/v2\/product"}],"about":[{"href":"https:\/\/medhp.ro\/index.php?rest_route=\/wp\/v2\/types\/product"}],"version-history":[{"count":1,"href":"https:\/\/medhp.ro\/index.php?rest_route=\/wp\/v2\/product\/7897\/revisions"}],"predecessor-version":[{"id":7901,"href":"https:\/\/medhp.ro\/index.php?rest_route=\/wp\/v2\/product\/7897\/revisions\/7901"}],"wp:featuredmedia":[{"embeddable":true,"href":"https:\/\/medhp.ro\/index.php?rest_route=\/wp\/v2\/media\/7898"}],"wp:attachment":[{"href":"https:\/\/medhp.ro\/index.php?rest_route=%2Fwp%2Fv2%2Fmedia&parent=7897"}],"wp:term":[{"taxonomy":"product_brand","embeddable":true,"href":"https:\/\/medhp.ro\/index.php?rest_route=%2Fwp%2Fv2%2Fproduct_brand&post=7897"},{"taxonomy":"product_cat","embeddable":true,"href":"https:\/\/medhp.ro\/index.php?rest_route=%2Fwp%2Fv2%2Fproduct_cat&post=7897"},{"taxonomy":"product_tag","embeddable":true,"href":"https:\/\/medhp.ro\/index.php?rest_route=%2Fwp%2Fv2%2Fproduct_tag&post=7897"}],"curies":[{"name":"wp","href":"https:\/\/api.w.org\/{rel}","templated":true}]}}